{"id":11100,"date":"2020-09-11T10:32:06","date_gmt":"2020-09-11T08:32:06","guid":{"rendered":"https:\/\/www.fass-berlin.de\/startseite\/?page_id=11100"},"modified":"2021-10-12T20:07:05","modified_gmt":"2021-10-12T18:07:05","slug":"frauen","status":"publish","type":"page","link":"https:\/\/www.fass-berlin.de\/startseite\/frauen\/","title":{"rendered":"Frauen"},"content":{"rendered":"<div id=\"pl-11100\"  class=\"panel-layout\" ><div id=\"pg-11100-0\"  class=\"panel-grid panel-no-style\" ><div id=\"pgc-11100-0-0\"  class=\"panel-grid-cell\" >\t\t\t<div id=\"panel-11100-0-0-0\" class=\"so-panel widget widget_news-widget widget_news_widget panel-first-child panel-last-child\" data-index=\"0\" >\t\t\t<h3 class=\"widget-title\">Frauen News<\/h3>\t\t\t<div class=\"news-widget--3-columns news-widget--has-columns\">\n\t\t\t\t\t\t\t<div class=\"news-widget__post\">\n\t\t\t\t\t<a href=\"https:\/\/www.fass-berlin.de\/startseite\/2025\/11\/16\/fass-frauen-feiern-ersten-sieg-in-der-zweiten-liga\/\">\n\t\t\t\t\t\t<img loading=\"lazy\" decoding=\"async\" width=\"300\" height=\"167\" src=\"https:\/\/www.fass-berlin.de\/wp-content\/uploads\/2025\/11\/ff-008-e1763314730125-300x167.jpeg\" class=\"news-widget__post__thumbnail wp-post-image\" alt=\"\" srcset=\"https:\/\/www.fass-berlin.de\/wp-content\/uploads\/2025\/11\/ff-008-e1763314730125-300x167.jpeg 300w, https:\/\/www.fass-berlin.de\/wp-content\/uploads\/2025\/11\/ff-008-e1763314730125-1024x568.jpeg 1024w, https:\/\/www.fass-berlin.de\/wp-content\/uploads\/2025\/11\/ff-008-e1763314730125-768x426.jpeg 768w, https:\/\/www.fass-berlin.de\/wp-content\/uploads\/2025\/11\/ff-008-e1763314730125-128x71.jpeg 128w, https:\/\/www.fass-berlin.de\/wp-content\/uploads\/2025\/11\/ff-008-e1763314730125-32x18.jpeg 32w, https:\/\/www.fass-berlin.de\/wp-content\/uploads\/2025\/11\/ff-008-e1763314730125.jpeg 1200w\" sizes=\"auto, (max-width: 300px) 100vw, 300px\" \/>\t\t\t\t\t<\/a>\n\t\t\t\t\t<a class=\"news-widget__post__title\" href=\"https:\/\/www.fass-berlin.de\/startseite\/2025\/11\/16\/fass-frauen-feiern-ersten-sieg-in-der-zweiten-liga\/\">\n\t\t\t\t\t\tFASS-Frauen feiern ersten Sieg in der Zweiten Liga\t\t\t\t\t<\/a>\n\t\t\t\t\t\t\t\t\t\t\t<span class=\"news-widget__post__date\">\n\t\t\t\t\t\t\t<a href=\"https:\/\/www.fass-berlin.de\/startseite\/2025\/11\/16\/fass-frauen-feiern-ersten-sieg-in-der-zweiten-liga\/\">\n\t\t\t\t\t\t\t\t2025-11-16\t\t\t\t\t\t\t<\/a>\n\t\t\t\t\t\t<\/span>\n\t\t\t\t\t\t\t\t\t\t\t\t\t\t\t\t<div class=\"news-widget__post__excerpt\">\n\t\t\t\t\t\t\t<p>Im dritten Anlauf hat es geklappt, die Frauen von FASS Berlin konnten den ersten Saisonsieg feiern. Gegen die Ladysharks Mechelen gab es einen am Ende ungef\u00e4hrdeten 5:1 (1:0, 3:0, 1:1)-Erfolg. Damit klettert das Team auf den f\u00fcnften Tabellenplatz. F\u00fcr FASS bestand hier durchaus die M\u00f6glichkeit, die ersten Punkte in dieser Liga zu holen. Schon das [&hellip;]\n\t\t\t\t\t\t<\/div>\n\t\t\t\t\t\t\t\t\t<\/div>\n\t\t\t\t\t\t\t<div class=\"news-widget__post\">\n\t\t\t\t\t<a href=\"https:\/\/www.fass-berlin.de\/startseite\/2025\/11\/07\/keine-punkte-aus-belgientrip-fuer-fass\/\">\n\t\t\t\t\t\t<img loading=\"lazy\" decoding=\"async\" width=\"300\" height=\"167\" src=\"https:\/\/www.fass-berlin.de\/wp-content\/uploads\/2025\/11\/ff-007-e1762524951117-300x167.jpg\" class=\"news-widget__post__thumbnail wp-post-image\" alt=\"\" srcset=\"https:\/\/www.fass-berlin.de\/wp-content\/uploads\/2025\/11\/ff-007-e1762524951117-300x167.jpg 300w, https:\/\/www.fass-berlin.de\/wp-content\/uploads\/2025\/11\/ff-007-e1762524951117-768x427.jpg 768w, https:\/\/www.fass-berlin.de\/wp-content\/uploads\/2025\/11\/ff-007-e1762524951117-128x71.jpg 128w, https:\/\/www.fass-berlin.de\/wp-content\/uploads\/2025\/11\/ff-007-e1762524951117-32x18.jpg 32w, https:\/\/www.fass-berlin.de\/wp-content\/uploads\/2025\/11\/ff-007-e1762524951117.jpg 956w\" sizes=\"auto, (max-width: 300px) 100vw, 300px\" \/>\t\t\t\t\t<\/a>\n\t\t\t\t\t<a class=\"news-widget__post__title\" href=\"https:\/\/www.fass-berlin.de\/startseite\/2025\/11\/07\/keine-punkte-aus-belgientrip-fuer-fass\/\">\n\t\t\t\t\t\tKeine Punkte aus Belgientrip f\u00fcr FASS\t\t\t\t\t<\/a>\n\t\t\t\t\t\t\t\t\t\t\t<span class=\"news-widget__post__date\">\n\t\t\t\t\t\t\t<a href=\"https:\/\/www.fass-berlin.de\/startseite\/2025\/11\/07\/keine-punkte-aus-belgientrip-fuer-fass\/\">\n\t\t\t\t\t\t\t\t2025-11-07\t\t\t\t\t\t\t<\/a>\n\t\t\t\t\t\t<\/span>\n\t\t\t\t\t\t\t\t\t\t\t\t\t\t\t\t<div class=\"news-widget__post__excerpt\">\n\t\t\t\t\t\t\t<p>Nach Belgien ging es f\u00fcr die Frauen von FASS Berlin, die Sharks Women Mechelen warteten auf den Neuling. Es sollte nichts mit einem ersten Punkt der Saison werden. Mechelen gewann die Partie mit 2:0 (1:0, 1:0, 0:0). FASS konnte die Reise mit 12 Feldspielerinnen und Torh\u00fcterin Mia Warluks antreten, die Gastgeberinnen boten eine Feldspielerin weniger [&hellip;]\n\t\t\t\t\t\t<\/div>\n\t\t\t\t\t\t\t\t\t<\/div>\n\t\t\t\t\t\t\t<div class=\"news-widget__post\">\n\t\t\t\t\t<a href=\"https:\/\/www.fass-berlin.de\/startseite\/2025\/09\/28\/knappe-niederlage-zum-start-in-die-neue-aera\/\">\n\t\t\t\t\t\t<img loading=\"lazy\" decoding=\"async\" width=\"300\" height=\"167\" src=\"https:\/\/www.fass-berlin.de\/wp-content\/uploads\/2025\/09\/ff-004_franzi.jpg-e1759081620730-300x167.png\" class=\"news-widget__post__thumbnail wp-post-image\" alt=\"\" srcset=\"https:\/\/www.fass-berlin.de\/wp-content\/uploads\/2025\/09\/ff-004_franzi.jpg-e1759081620730-300x167.png 300w, https:\/\/www.fass-berlin.de\/wp-content\/uploads\/2025\/09\/ff-004_franzi.jpg-e1759081620730-1024x569.png 1024w, https:\/\/www.fass-berlin.de\/wp-content\/uploads\/2025\/09\/ff-004_franzi.jpg-e1759081620730-768x427.png 768w, https:\/\/www.fass-berlin.de\/wp-content\/uploads\/2025\/09\/ff-004_franzi.jpg-e1759081620730-128x71.png 128w, https:\/\/www.fass-berlin.de\/wp-content\/uploads\/2025\/09\/ff-004_franzi.jpg-e1759081620730-32x18.png 32w, https:\/\/www.fass-berlin.de\/wp-content\/uploads\/2025\/09\/ff-004_franzi.jpg-e1759081620730.png 1080w\" sizes=\"auto, (max-width: 300px) 100vw, 300px\" \/>\t\t\t\t\t<\/a>\n\t\t\t\t\t<a class=\"news-widget__post__title\" href=\"https:\/\/www.fass-berlin.de\/startseite\/2025\/09\/28\/knappe-niederlage-zum-start-in-die-neue-aera\/\">\n\t\t\t\t\t\tKnappe Niederlage zum Start in die neue \u00c4ra\t\t\t\t\t<\/a>\n\t\t\t\t\t\t\t\t\t\t\t<span class=\"news-widget__post__date\">\n\t\t\t\t\t\t\t<a href=\"https:\/\/www.fass-berlin.de\/startseite\/2025\/09\/28\/knappe-niederlage-zum-start-in-die-neue-aera\/\">\n\t\t\t\t\t\t\t\t2025-09-28\t\t\t\t\t\t\t<\/a>\n\t\t\t\t\t\t<\/span>\n\t\t\t\t\t\t\t\t\t\t\t\t\t\t\t\t<div class=\"news-widget__post__excerpt\">\n\t\t\t\t\t\t\t<p>Das Auftaktspiel der Frauen von FASS Berlin gegen den K\u00f6lner EC \u201eDie Haie\u201c wurde mit Spannung erwartet &#8211; und es war eine spannende Angelegenheit. Am Ende mussten sich die Aufsteigerinnen dem Favoriten mit 2:4 (0:0, 1:2, 1:2) geschlagen geben, zogen sich dabei aber achtbar aus der Aff\u00e4re. Mit 19 Feldspielerinnen und zwei Torh\u00fcterinnen ging FASS [&hellip;]\n\t\t\t\t\t\t<\/div>\n\t\t\t\t\t\t\t\t\t<\/div>\n\t\t\t\t\t\t\t<div class=\"news-widget__post\">\n\t\t\t\t\t<a href=\"https:\/\/www.fass-berlin.de\/startseite\/2025\/09\/27\/der-start-in-eine-neue-aera\/\">\n\t\t\t\t\t\t<img loading=\"lazy\" decoding=\"async\" width=\"300\" height=\"134\" src=\"https:\/\/www.fass-berlin.de\/wp-content\/uploads\/2025\/09\/ff-003-300x134.png\" class=\"news-widget__post__thumbnail wp-post-image\" alt=\"\" srcset=\"https:\/\/www.fass-berlin.de\/wp-content\/uploads\/2025\/09\/ff-003-300x134.png 300w, https:\/\/www.fass-berlin.de\/wp-content\/uploads\/2025\/09\/ff-003-1024x456.png 1024w, https:\/\/www.fass-berlin.de\/wp-content\/uploads\/2025\/09\/ff-003-768x342.png 768w, https:\/\/www.fass-berlin.de\/wp-content\/uploads\/2025\/09\/ff-003-128x57.png 128w, https:\/\/www.fass-berlin.de\/wp-content\/uploads\/2025\/09\/ff-003-32x14.png 32w, https:\/\/www.fass-berlin.de\/wp-content\/uploads\/2025\/09\/ff-003.png 1150w\" sizes=\"auto, (max-width: 300px) 100vw, 300px\" \/>\t\t\t\t\t<\/a>\n\t\t\t\t\t<a class=\"news-widget__post__title\" href=\"https:\/\/www.fass-berlin.de\/startseite\/2025\/09\/27\/der-start-in-eine-neue-aera\/\">\n\t\t\t\t\t\tDer Start in eine neue \u00c4ra\t\t\t\t\t<\/a>\n\t\t\t\t\t\t\t\t\t\t\t<span class=\"news-widget__post__date\">\n\t\t\t\t\t\t\t<a href=\"https:\/\/www.fass-berlin.de\/startseite\/2025\/09\/27\/der-start-in-eine-neue-aera\/\">\n\t\t\t\t\t\t\t\t2025-09-27\t\t\t\t\t\t\t<\/a>\n\t\t\t\t\t\t<\/span>\n\t\t\t\t\t\t\t\t\t\t\t\t\t\t\t\t<div class=\"news-widget__post__excerpt\">\n\t\t\t\t\t\t\t<p>Nach dem Gewinn der Meisterschaft im Fr\u00fchjahr haben die Frauen von FASS Berlin diesmal ihr Aufstiegsrecht wahrgenommen und spielen nun in Deutschlands zweith\u00f6chster Spielklasse, der DFEL2 Nord. Am heutigen Samstag (27.09.2025) ist der Saisonstart, und alle sind schon aufgeregt. Der K\u00f6lner EC \u201eDie Haie\u201c kommt am Samstag um 18:30 Uhr ins Paul-Heyse-Stadion, und es wird [&hellip;]\n\t\t\t\t\t\t<\/div>\n\t\t\t\t\t\t\t\t\t<\/div>\n\t\t\t\t\t\t\t<div class=\"news-widget__post\">\n\t\t\t\t\t<a href=\"https:\/\/www.fass-berlin.de\/startseite\/2025\/09\/07\/fass-frauen-vor-historischer-saison\/\">\n\t\t\t\t\t\t<img loading=\"lazy\" decoding=\"async\" width=\"300\" height=\"167\" src=\"https:\/\/www.fass-berlin.de\/wp-content\/uploads\/2025\/09\/ff-001-e1757267215174-300x167.jpg\" class=\"news-widget__post__thumbnail wp-post-image\" alt=\"\" srcset=\"https:\/\/www.fass-berlin.de\/wp-content\/uploads\/2025\/09\/ff-001-e1757267215174-300x167.jpg 300w, https:\/\/www.fass-berlin.de\/wp-content\/uploads\/2025\/09\/ff-001-e1757267215174-1024x568.jpg 1024w, https:\/\/www.fass-berlin.de\/wp-content\/uploads\/2025\/09\/ff-001-e1757267215174-768x426.jpg 768w, https:\/\/www.fass-berlin.de\/wp-content\/uploads\/2025\/09\/ff-001-e1757267215174-1536x852.jpg 1536w, https:\/\/www.fass-berlin.de\/wp-content\/uploads\/2025\/09\/ff-001-e1757267215174-128x71.jpg 128w, https:\/\/www.fass-berlin.de\/wp-content\/uploads\/2025\/09\/ff-001-e1757267215174-32x18.jpg 32w, https:\/\/www.fass-berlin.de\/wp-content\/uploads\/2025\/09\/ff-001-e1757267215174.jpg 1600w\" sizes=\"auto, (max-width: 300px) 100vw, 300px\" \/>\t\t\t\t\t<\/a>\n\t\t\t\t\t<a class=\"news-widget__post__title\" href=\"https:\/\/www.fass-berlin.de\/startseite\/2025\/09\/07\/fass-frauen-vor-historischer-saison\/\">\n\t\t\t\t\t\tFASS Frauen vor historischer Saison\t\t\t\t\t<\/a>\n\t\t\t\t\t\t\t\t\t\t\t<span class=\"news-widget__post__date\">\n\t\t\t\t\t\t\t<a href=\"https:\/\/www.fass-berlin.de\/startseite\/2025\/09\/07\/fass-frauen-vor-historischer-saison\/\">\n\t\t\t\t\t\t\t\t2025-09-07\t\t\t\t\t\t\t<\/a>\n\t\t\t\t\t\t<\/span>\n\t\t\t\t\t\t\t\t\t\t\t\t\t\t\t\t<div class=\"news-widget__post__excerpt\">\n\t\t\t\t\t\t\t<p>Die FASS Frauen stehen vor einer ganz besonderen Saison &#8211; sie sind aufgestiegen in die DFEL2 Nord. FASS in der zweiten Liga &#8211; das hat es noch nicht gegeben. Mit 26 Spielerinnen in die neue Saison \u2013 ein Mix aus Talent und Erfahrung Endlich geht es wieder los: Mit Beginn der neuen Spielzeit startet auch [&hellip;]\n\t\t\t\t\t\t<\/div>\n\t\t\t\t\t\t\t\t\t<\/div>\n\t\t\t\t\t\t\t<div class=\"news-widget__post\">\n\t\t\t\t\t<a href=\"https:\/\/www.fass-berlin.de\/startseite\/2025\/03\/30\/fass-frauen-gewinnen-letztes-ligaspiel-und-der-meisterpokal-ist-auch-da\/\">\n\t\t\t\t\t\t<img loading=\"lazy\" decoding=\"async\" width=\"300\" height=\"174\" src=\"https:\/\/www.fass-berlin.de\/wp-content\/uploads\/2025\/03\/ff-013-e1743334804229-300x174.jpg\" class=\"news-widget__post__thumbnail wp-post-image\" alt=\"\" srcset=\"https:\/\/www.fass-berlin.de\/wp-content\/uploads\/2025\/03\/ff-013-e1743334804229-300x174.jpg 300w, https:\/\/www.fass-berlin.de\/wp-content\/uploads\/2025\/03\/ff-013-e1743334804229-1024x595.jpg 1024w, https:\/\/www.fass-berlin.de\/wp-content\/uploads\/2025\/03\/ff-013-e1743334804229-768x446.jpg 768w, https:\/\/www.fass-berlin.de\/wp-content\/uploads\/2025\/03\/ff-013-e1743334804229-1536x893.jpg 1536w, https:\/\/www.fass-berlin.de\/wp-content\/uploads\/2025\/03\/ff-013-e1743334804229-128x74.jpg 128w, https:\/\/www.fass-berlin.de\/wp-content\/uploads\/2025\/03\/ff-013-e1743334804229-32x19.jpg 32w, https:\/\/www.fass-berlin.de\/wp-content\/uploads\/2025\/03\/ff-013-e1743334804229.jpg 1600w\" sizes=\"auto, (max-width: 300px) 100vw, 300px\" \/>\t\t\t\t\t<\/a>\n\t\t\t\t\t<a class=\"news-widget__post__title\" href=\"https:\/\/www.fass-berlin.de\/startseite\/2025\/03\/30\/fass-frauen-gewinnen-letztes-ligaspiel-und-der-meisterpokal-ist-auch-da\/\">\n\t\t\t\t\t\tFASS-Frauen gewinnen letztes Ligaspiel &#8211; und der Meisterpokal ist auch da\t\t\t\t\t<\/a>\n\t\t\t\t\t\t\t\t\t\t\t<span class=\"news-widget__post__date\">\n\t\t\t\t\t\t\t<a href=\"https:\/\/www.fass-berlin.de\/startseite\/2025\/03\/30\/fass-frauen-gewinnen-letztes-ligaspiel-und-der-meisterpokal-ist-auch-da\/\">\n\t\t\t\t\t\t\t\t2025-03-30\t\t\t\t\t\t\t<\/a>\n\t\t\t\t\t\t<\/span>\n\t\t\t\t\t\t\t\t\t\t\t\t\t\t\t\t<div class=\"news-widget__post__excerpt\">\n\t\t\t\t\t\t\t<p>Spannend verlief der letzte Auftritt der FASS-Frauen in dieser Saison. Gegen den Altonaer SV gab es einen 6:4 (3:1, 1:1, 2:2)-Erfolg. Und im Anschluss gab es die verdiente Belohnung. Es ist das letzte Saisonspiel und hier kann sich FASS die wei\u00dfe Weste sichern. Neun Siege wurden bisher geholt, und es war durchaus m\u00f6glich auch dieses [&hellip;]\n\t\t\t\t\t\t<\/div>\n\t\t\t\t\t\t\t\t\t<\/div>\n\t\t\t\t\t\t<\/div>\n\t\t\t<\/div>\t\t\t<\/div><\/div><\/div>","protected":false},"excerpt":{"rendered":"<p>Frauen News FASS-Frauen feiern ersten Sieg in der Zweiten Liga 2025-11-16 Im dritten Anlauf hat es geklappt, die Frauen von FASS Berlin konnten den ersten Saisonsieg feiern. Gegen die Ladysharks Mechelen gab es einen am Ende ungef\u00e4hrdeten 5:1 (1:0, 3:0, 1:1)-Erfolg. Damit klettert das Team auf den f\u00fcnften Tabellenplatz. F\u00fcr FASS bestand hier durchaus die [&hellip;]<\/p>\n","protected":false},"author":51,"featured_media":0,"parent":0,"menu_order":0,"comment_status":"closed","ping_status":"closed","template":"","meta":{"_exactmetrics_skip_tracking":false,"_exactmetrics_sitenote_active":false,"_exactmetrics_sitenote_note":"","_exactmetrics_sitenote_category":0,"jetpack_post_was_ever_published":false,"footnotes":""},"class_list":["post-11100","page","type-page","status-publish","hentry"],"jetpack_sharing_enabled":true,"jetpack_shortlink":"https:\/\/wp.me\/PaiOCx-2T2","jetpack_likes_enabled":true,"jetpack-related-posts":[],"_links":{"self":[{"href":"https:\/\/www.fass-berlin.de\/startseite\/wp-json\/wp\/v2\/pages\/11100","targetHints":{"allow":["GET"]}}],"collection":[{"href":"https:\/\/www.fass-berlin.de\/startseite\/wp-json\/wp\/v2\/pages"}],"about":[{"href":"https:\/\/www.fass-berlin.de\/startseite\/wp-json\/wp\/v2\/types\/page"}],"author":[{"embeddable":true,"href":"https:\/\/www.fass-berlin.de\/startseite\/wp-json\/wp\/v2\/users\/51"}],"replies":[{"embeddable":true,"href":"https:\/\/www.fass-berlin.de\/startseite\/wp-json\/wp\/v2\/comments?post=11100"}],"version-history":[{"count":10,"href":"https:\/\/www.fass-berlin.de\/startseite\/wp-json\/wp\/v2\/pages\/11100\/revisions"}],"predecessor-version":[{"id":18582,"href":"https:\/\/www.fass-berlin.de\/startseite\/wp-json\/wp\/v2\/pages\/11100\/revisions\/18582"}],"wp:attachment":[{"href":"https:\/\/www.fass-berlin.de\/startseite\/wp-json\/wp\/v2\/media?parent=11100"}],"curies":[{"name":"wp","href":"https:\/\/api.w.org\/{rel}","templated":true}]}}