{"id":1350,"date":"2018-07-19T10:19:52","date_gmt":"2018-07-19T08:19:52","guid":{"rendered":"https:\/\/www.fass-berlin.de\/startseite\/?page_id=1350"},"modified":"2020-08-25T17:21:12","modified_gmt":"2020-08-25T15:21:12","slug":"download-formulare","status":"publish","type":"page","link":"https:\/\/www.fass-berlin.de\/startseite\/startseite\/fass-berlin-e-v\/download-formulare\/","title":{"rendered":"Download Formulare"},"content":{"rendered":"<h4>FASS Berlin e. V.<\/h4>\n<div class=\"sdm_download_item \"><div class=\"sdm_download_item_top\"><div class=\"sdm_download_thumbnail\"><img decoding=\"async\" class=\"sdm_download_thumbnail_image\" src=\"http:\/\/www.fass-berlin.de\/wp-content\/uploads\/2018\/07\/pdf.png\" alt = \"FASS Berlin e.V. &#8211; Satzung\" \/><\/div><div class=\"sdm_download_title\">FASS Berlin e.V. &#8211; Satzung<\/div><\/div><div style=\"clear:both;\"><\/div><div class=\"sdm_download_description\"><p>Die Satzung des FASS Berlin e.V.<\/p>\n<\/div><div class=\"sdm_download_size\"><span class=\"sdm_download_size_label\">Gr\u00f6\u00dfe: <\/span><span class=\"sdm_download_size_value\">79KB<\/span><\/div><div class=\"sdm_download_version\"><span class=\"sdm_download_version_label\">Version: <\/span><span class=\"sdm_download_version_value\">2015<\/span><\/div><div class=\"sdm_download_link\"><span class=\"sdm_download_button\"><a href=\"https:\/\/www.fass-berlin.de\/startseite\/?sdm_process_download=1&download_id=1933\" class=\"sdm_download orange\" title=\"FASS Berlin e.V. &#8211; Satzung\" target=\"_blank\">Jetzt herunterladen!<\/a><\/span><span class=\"sdm_download_item_count\"><span class=\"sdm_item_count_number\">741<\/span><span class=\"sdm_item_count_string\"> Downloads<\/span><\/span><\/div><\/div><div class=\"sdm_clear_float\"><\/div>\n<h5>DS-GVO<\/h5>\n<div class=\"sdm_download_item \"><div class=\"sdm_download_item_top\"><div class=\"sdm_download_thumbnail\"><img decoding=\"async\" class=\"sdm_download_thumbnail_image\" src=\"https:\/\/www.fass-berlin.de\/wp-content\/uploads\/2018\/07\/pdf.png\" alt = \"Einverst\u00e4ndniserkl\u00e4rung Foto Minderj\u00e4hrige nach DS-GVO\" \/><\/div><div class=\"sdm_download_title\">Einverst\u00e4ndniserkl\u00e4rung Foto Minderj\u00e4hrige nach DS-GVO<\/div><\/div><div style=\"clear:both;\"><\/div><div class=\"sdm_download_description\"><p>Nach der neuen DS-GVO m\u00fcssen die Erziehungsberechtigten bei Minderj\u00e4hrigen zustimmen, wenn ihr Kind in Publikationen des Vereins (Foto, Presse, Video) erscheint.<\/p>\n<\/div><div class=\"sdm_download_size\"><span class=\"sdm_download_size_label\">Gr\u00f6\u00dfe: <\/span><span class=\"sdm_download_size_value\">109KB<\/span><\/div><div class=\"sdm_download_version\"><span class=\"sdm_download_version_label\">Version: <\/span><span class=\"sdm_download_version_value\">v2018.0.1.1<\/span><\/div><div class=\"sdm_download_link\"><span class=\"sdm_download_button\"><a href=\"https:\/\/www.fass-berlin.de\/startseite\/?sdm_process_download=1&download_id=1353\" class=\"sdm_download orange\" title=\"Einverst\u00e4ndniserkl\u00e4rung Foto Minderj\u00e4hrige nach DS-GVO\" target=\"_blank\">Jetzt herunterladen!<\/a><\/span><span class=\"sdm_download_item_count\"><span class=\"sdm_item_count_number\">431<\/span><span class=\"sdm_item_count_string\"> Downloads<\/span><\/span><\/div><\/div><div class=\"sdm_clear_float\"><\/div>\n<div class=\"sdm_download_item \"><div class=\"sdm_download_item_top\"><div class=\"sdm_download_thumbnail\"><img decoding=\"async\" class=\"sdm_download_thumbnail_image\" src=\"http:\/\/www.fass-berlin.de\/wp-content\/uploads\/2018\/07\/pdf.png\" alt = \"Antrag Datenauskunft\/Datenl\u00f6schung nach DS-GVO\" \/><\/div><div class=\"sdm_download_title\">Antrag Datenauskunft\/Datenl\u00f6schung nach DS-GVO<\/div><\/div><div style=\"clear:both;\"><\/div><div class=\"sdm_download_description\"><p>Antragsformular f\u00fcr die Auskunft \u00fcber gepeicherte Daten und Antrag f\u00fcr die L\u00f6schung von Daten nach DS-GVO.<\/p>\n<\/div><div class=\"sdm_download_size\"><span class=\"sdm_download_size_label\">Gr\u00f6\u00dfe: <\/span><span class=\"sdm_download_size_value\">107KB<\/span><\/div><div class=\"sdm_download_version\"><span class=\"sdm_download_version_label\">Version: <\/span><span class=\"sdm_download_version_value\">v2018.0.1.1<\/span><\/div><div class=\"sdm_download_link\"><span class=\"sdm_download_button\"><a href=\"https:\/\/www.fass-berlin.de\/startseite\/?sdm_process_download=1&download_id=1357\" class=\"sdm_download orange\" title=\"Antrag Datenauskunft\/Datenl\u00f6schung nach DS-GVO\" target=\"_blank\">Jetzt herunterladen!<\/a><\/span><span class=\"sdm_download_item_count\"><span class=\"sdm_item_count_number\">422<\/span><span class=\"sdm_item_count_string\"> Downloads<\/span><\/span><\/div><\/div><div class=\"sdm_clear_float\"><\/div>\n<div class=\"sdm_download_item \"><div class=\"sdm_download_item_top\"><div class=\"sdm_download_thumbnail\"><img decoding=\"async\" class=\"sdm_download_thumbnail_image\" src=\"http:\/\/www.fass-berlin.de\/wp-content\/uploads\/2018\/07\/pdf.png\" alt = \"Vorlage Dokumentation Datenl\u00f6schung nach DS-GVO\" \/><\/div><div class=\"sdm_download_title\">Vorlage Dokumentation Datenl\u00f6schung nach DS-GVO<\/div><\/div><div style=\"clear:both;\"><\/div><div class=\"sdm_download_description\"><p>Arbeitsvorlage f\u00fcr die Dokumentation einer Datenl\u00f6schung nach DS-GVO<\/p>\n<\/div><div class=\"sdm_download_size\"><span class=\"sdm_download_size_label\">Gr\u00f6\u00dfe: <\/span><span class=\"sdm_download_size_value\">120<\/span><\/div><div class=\"sdm_download_version\"><span class=\"sdm_download_version_label\">Version: <\/span><span class=\"sdm_download_version_value\">v2018.0.1.1<\/span><\/div><div class=\"sdm_download_link\"><span class=\"sdm_download_button\"><a href=\"https:\/\/www.fass-berlin.de\/startseite\/?sdm_process_download=1&download_id=1358\" class=\"sdm_download orange\" title=\"Vorlage Dokumentation Datenl\u00f6schung nach DS-GVO\" target=\"_blank\">Jetzt herunterladen!<\/a><\/span><span class=\"sdm_download_item_count\"><span class=\"sdm_item_count_number\">407<\/span><span class=\"sdm_item_count_string\"> Downloads<\/span><\/span><\/div><\/div><div class=\"sdm_clear_float\"><\/div>\n<h4>DEB<\/h4>\n<div class=\"sdm_download_item \"><div class=\"sdm_download_item_top\"><div class=\"sdm_download_thumbnail\"><img decoding=\"async\" class=\"sdm_download_thumbnail_image\" src=\"http:\/\/www.fass-berlin.de\/wp-content\/uploads\/2018\/07\/pdf.png\" alt = \"Formblatt 4 &#8211; DEB Antrag Spielberechtigung\" \/><\/div><div class=\"sdm_download_title\">Formblatt 4 &#8211; DEB Antrag Spielberechtigung<\/div><\/div><div style=\"clear:both;\"><\/div><div class=\"sdm_download_description\"><p>Offizielles DEB-Formblatt 4 zur Beantragung eines Spielerpasses oder einer Daten\u00e4nderung. Neue Version nach DS-GVO.<\/p>\n<p>Das Formular kann vor dem Ausdrucken am Bildschirm ausgef\u00fcllt werden.<\/p>\n<\/div><div class=\"sdm_download_size\"><span class=\"sdm_download_size_label\">Gr\u00f6\u00dfe: <\/span><span class=\"sdm_download_size_value\">220KB<\/span><\/div><div class=\"sdm_download_version\"><span class=\"sdm_download_version_label\">Version: <\/span><span class=\"sdm_download_version_value\">23.05.2018<\/span><\/div><div class=\"sdm_download_link\"><span class=\"sdm_download_button\"><a href=\"https:\/\/www.fass-berlin.de\/startseite\/?sdm_process_download=1&download_id=1393\" class=\"sdm_download orange\" title=\"Formblatt 4 &#8211; DEB Antrag Spielberechtigung\" target=\"_blank\">Jetzt herunterladen!<\/a><\/span><span class=\"sdm_download_item_count\"><span class=\"sdm_item_count_number\">706<\/span><span class=\"sdm_item_count_string\"> Downloads<\/span><\/span><\/div><\/div><div class=\"sdm_clear_float\"><\/div>\n<div class=\"sdm_download_item \"><div class=\"sdm_download_item_top\"><div class=\"sdm_download_thumbnail\"><img decoding=\"async\" class=\"sdm_download_thumbnail_image\" src=\"http:\/\/www.fass-berlin.de\/wp-content\/uploads\/2018\/07\/pdf.png\" alt = \"Formblatt 5 &#8211; DEB Vereinbarung\" \/><\/div><div class=\"sdm_download_title\">Formblatt 5 &#8211; DEB Vereinbarung<\/div><\/div><div style=\"clear:both;\"><\/div><div class=\"sdm_download_description\"><p>Formblatt 5 des DEB zur Vereinbarung zwischen Spieler und DEB.<\/p>\n<\/div><div class=\"sdm_download_size\"><span class=\"sdm_download_size_label\">Gr\u00f6\u00dfe: <\/span><span class=\"sdm_download_size_value\">34KB<\/span><\/div><div class=\"sdm_download_version\"><span class=\"sdm_download_version_label\">Version: <\/span><span class=\"sdm_download_version_value\">15_07_2010<\/span><\/div><div class=\"sdm_download_link\"><span class=\"sdm_download_button\"><a href=\"https:\/\/www.fass-berlin.de\/startseite\/?sdm_process_download=1&download_id=1394\" class=\"sdm_download orange\" title=\"Formblatt 5 &#8211; DEB Vereinbarung\" target=\"_blank\">Jetzt herunterladen!<\/a><\/span><span class=\"sdm_download_item_count\"><span class=\"sdm_item_count_number\">570<\/span><span class=\"sdm_item_count_string\"> Downloads<\/span><\/span><\/div><\/div><div class=\"sdm_clear_float\"><\/div>\n<div class=\"sdm_download_item \"><div class=\"sdm_download_item_top\"><div class=\"sdm_download_thumbnail\"><img decoding=\"async\" class=\"sdm_download_thumbnail_image\" src=\"http:\/\/www.fass-berlin.de\/wp-content\/uploads\/2018\/07\/pdf.png\" alt = \"Formblatt 6 &#8211; DEB Schiedsgerichtsvereinbarung\" \/><\/div><div class=\"sdm_download_title\">Formblatt 6 &#8211; DEB Schiedsgerichtsvereinbarung<\/div><\/div><div style=\"clear:both;\"><\/div><div class=\"sdm_download_description\"><p>Formblatt 6 des DEB zur Schiedsgerichtsvereinbarung<\/p>\n<\/div><div class=\"sdm_download_size\"><span class=\"sdm_download_size_label\">Gr\u00f6\u00dfe: <\/span><span class=\"sdm_download_size_value\">22KB<\/span><\/div><div class=\"sdm_download_version\"><span class=\"sdm_download_version_label\">Version: <\/span><span class=\"sdm_download_version_value\">15_07_2010<\/span><\/div><div class=\"sdm_download_link\"><span class=\"sdm_download_button\"><a href=\"https:\/\/www.fass-berlin.de\/startseite\/?sdm_process_download=1&download_id=1395\" class=\"sdm_download orange\" title=\"Formblatt 6 &#8211; DEB Schiedsgerichtsvereinbarung\" target=\"_blank\">Jetzt herunterladen!<\/a><\/span><span class=\"sdm_download_item_count\"><span class=\"sdm_item_count_number\">539<\/span><span class=\"sdm_item_count_string\"> Downloads<\/span><\/span><\/div><\/div><div class=\"sdm_clear_float\"><\/div>\n<h4>IIHF<\/h4>\n<div class=\"sdm_download_item \"><div class=\"sdm_download_item_top\"><div class=\"sdm_download_thumbnail\"><img decoding=\"async\" class=\"sdm_download_thumbnail_image\" src=\"https:\/\/www.fass-berlin.de\/wp-content\/uploads\/2018\/07\/pdf.png\" alt = \"IIHF Official Rule Book 2018 &#8211; 2022\" \/><\/div><div class=\"sdm_download_title\">IIHF Official Rule Book 2018 &#8211; 2022<\/div><\/div><div style=\"clear:both;\"><\/div><div class=\"sdm_download_description\"><\/div><div class=\"sdm_download_size\"><span class=\"sdm_download_size_label\">Gr\u00f6\u00dfe: <\/span><span class=\"sdm_download_size_value\">6 MB<\/span><\/div><div class=\"sdm_download_version\"><span class=\"sdm_download_version_label\">Version: <\/span><span class=\"sdm_download_version_value\">2018 - 2022<\/span><\/div><div class=\"sdm_download_link\"><span class=\"sdm_download_button\"><a href=\"https:\/\/www.fass-berlin.de\/startseite\/?sdm_process_download=1&download_id=3051\" class=\"sdm_download orange\" title=\"IIHF Official Rule Book 2018 &#8211; 2022\" target=\"_blank\">Jetzt herunterladen!<\/a><\/span><span class=\"sdm_download_item_count\"><span class=\"sdm_item_count_number\">532<\/span><span class=\"sdm_item_count_string\"> Downloads<\/span><\/span><\/div><\/div><div class=\"sdm_clear_float\"><\/div>\n<p>&nbsp;<\/p>\n","protected":false},"excerpt":{"rendered":"<p>FASS Berlin e. V. DS-GVO DEB IIHF &nbsp;<\/p>\n","protected":false},"author":2,"featured_media":0,"parent":1175,"menu_order":0,"comment_status":"closed","ping_status":"closed","template":"","meta":{"_exactmetrics_skip_tracking":false,"_exactmetrics_sitenote_active":false,"_exactmetrics_sitenote_note":"","_exactmetrics_sitenote_category":0,"jetpack_post_was_ever_published":false,"footnotes":""},"class_list":["post-1350","page","type-page","status-publish","hentry"],"jetpack_sharing_enabled":true,"jetpack_shortlink":"https:\/\/wp.me\/PaiOCx-lM","jetpack_likes_enabled":true,"jetpack-related-posts":[],"_links":{"self":[{"href":"https:\/\/www.fass-berlin.de\/startseite\/wp-json\/wp\/v2\/pages\/1350","targetHints":{"allow":["GET"]}}],"collection":[{"href":"https:\/\/www.fass-berlin.de\/startseite\/wp-json\/wp\/v2\/pages"}],"about":[{"href":"https:\/\/www.fass-berlin.de\/startseite\/wp-json\/wp\/v2\/types\/page"}],"author":[{"embeddable":true,"href":"https:\/\/www.fass-berlin.de\/startseite\/wp-json\/wp\/v2\/users\/2"}],"replies":[{"embeddable":true,"href":"https:\/\/www.fass-berlin.de\/startseite\/wp-json\/wp\/v2\/comments?post=1350"}],"version-history":[{"count":10,"href":"https:\/\/www.fass-berlin.de\/startseite\/wp-json\/wp\/v2\/pages\/1350\/revisions"}],"predecessor-version":[{"id":11060,"href":"https:\/\/www.fass-berlin.de\/startseite\/wp-json\/wp\/v2\/pages\/1350\/revisions\/11060"}],"up":[{"embeddable":true,"href":"https:\/\/www.fass-berlin.de\/startseite\/wp-json\/wp\/v2\/pages\/1175"}],"wp:attachment":[{"href":"https:\/\/www.fass-berlin.de\/startseite\/wp-json\/wp\/v2\/media?parent=1350"}],"curies":[{"name":"wp","href":"https:\/\/api.w.org\/{rel}","templated":true}]}}